h*k. Suppose -12 = -3*u + 3*o, -20 = -2*u - 0*o - k*o. What is the units digit of u?
6
Suppose -6*t = -4*t - 34. Suppose -5*u = 4*x - 22, 4*u + 4*x - x = t. What is the units digit of u?
2
Let v(f) = 3*f**3 + f**2 - f - 1. Let z be v(1). Let w = z + 0. Suppose 6 + w = s. What is the units digit of s?
8
Let v = -1153 - -1812. Suppose 0 = 12*i - v - 961. What is the tens digit of i?
3
Let h be (-2)/(-2)*23 - -1. Let t be (-300)/(-80) - 1/(-4). Suppose t*k = k + h. What is the units digit of k?
8
Let o = -4234 - -7981. What is the units digit of o?
7
Let u(m) = 18 - 6 - 3*m + 17*m**2 - 15. What is the tens digit of u(-4)?
8
Let v(k) = 40*k**2 + 21*k + 12. What is the thousands digit of v(-10)?
3
Let s be 6/1*(-3 + -3 + 5). What is the hundreds digit of 9 + s + (278 - 0)?
2
Let o be (13 - 8) + -1*3. Suppose 1 = o*j + 3, 4*f - 4*j = 200. What is the tens digit of f?
4
Suppose 4*x = -d + 12169, -4*x = d + 3*d - 12184. What is the hundreds digit of x?
0
Suppose -15 - 9 = 4*o. Let v = o - -2. Let s(g) = g**2 + 2*g + 8. What is the tens digit of s(v)?
1
Suppose -60*h + 36*h + 42384 = 0. What is the tens digit of h?
6
Let j(h) = -3*h**3 - 20*h**2 - 25*h + 4. What is the units digit of j(-9)?
6
What is the tens digit of 2329/17*5/1?
8
Let h = -4 - 16. Let c = -7 - h. Let v = 29 - c. What is the units digit of v?
6
Suppose -4 = -2*d - 0, 0 = 2*i - 3*d + 32. Let w = -17 - i. What is the tens digit of (-21)/((-1 - w)/(-3))?
2
Let o be 3/9 - (-562)/6. Suppose 34 = -5*i + o. What is the units digit of i?
2
Suppose 0 = -5*k + 12*k - 3129. What is the hundreds digit of k?
4
Suppose -27*q = -5804 + 512. What is the tens digit of q?
9
What is the tens digit of (-7)/((-70)/3530) + -1?
5
Let n(q) be the third derivative of -q**4/4 + q**3/3 - 3*q**2. Let v be n(-10). Suppose -26 = -4*a + v. What is the units digit of a?
2
Let v be (18/(-4))/(3 - 55/20). Let m be ((-45)/(-12))/((-2)/16). Let r = v - m. What is the tens digit of r?
1
Let r(x) = 180*x**2 + 23*x + 10. What is the hundreds digit of r(4)?
9
Let r = -1477 + 3306. What is the tens digit of r?
2
Suppose -2*g + 49 = 73. What is the tens digit of 657/(-6)*g/18?
7
Let m be -1 - (-6)/(-4)*-2. Suppose 3*q - 4 = m*q. Suppose 2*r = -4*g - 4, -q*g - 40 = -4*r - 0*g. What is the units digit of r?
6
What is the tens digit of 6477/68 + (-1)/4?
9
Let m(x) = -x**3 - 4*x**2 - 5*x - 4. Let v be m(-3). Let q be (-1)/(v/(-8)) - -29. Let w = q + -18. What is the units digit of w?
5
Let i(a) = 11*a**2 - 6*a + 26. What is the units digit of i(3)?
7
Suppose -3*l + 4*b + 1332 = -0*b, 4*l - 1772 = 4*b. What is the units digit of l?
0
Let d be 3/(-9) - (-1)/3. Suppose d = -6*g + g, -k + 6 = -g. What is the units digit of k?
6
Let b(s) = 2*s**2 - 10*s + 1. Let f be b(5). What is the tens digit of f/(-5) - (-684)/45?
1
Suppose 1027 = 3*p - 224. What is the hundreds digit of p?
4
Let g = -300 + 590. Let z = -155 + g. What is the units digit of z?
5
Let s(h) = -2*h**2 + 3*h - 1. Let d(t) = 2*t**2 - 3*t + 1. Let q(z) = -5*d(z) - 6*s(z). What is the tens digit of q(-3)?
2
Let p = -4 + 9. Suppose -380 + 65 = -p*u. What is the tens digit of (-536)/(-18) - (-14)/u?
3
Suppose 5*k - 7 = 3. Suppose 0 = -k*b - 0*b + 94. Suppose 2*r = b + 1. What is the tens digit of r?
2
Suppose 0 = -5*b - 36*b + 19926. What is the hundreds digit of b?
4
Suppose -16584 = -59*y + 53*y. What is the units digit of y?
4
Let b be (3 + -4)*11/1. Let g(c) = -7*c - 14. What is the tens digit of g(b)?
6
Suppose -5*d + z = -1089, 131*d = 134*d - 3*z - 651. What is the hundreds digit of d?
2
Let b(k) = 11*k**3 - k**2 - 4*k + 3. Suppose -f - n = -6*f + 13, 3*f - 4*n - 18 = 0. What is the tens digit of b(f)?
7
Let d(o) = -190*o + 161. What is the hundreds digit of d(-19)?
7
Suppose -4*g + 4*d = -108, -6*g + d = -3*g - 77. Suppose 4*a = 163 + g. What is the tens digit of a?
4
What is the units digit of (-108)/(-2*21/112)?
8
What is the tens digit of 429/6 - 2/4?
7
Let q(x) = -x**2 - 5*x - 16. Let a(t) = -3*t**2 - 16*t - 49. Let k(d) = -4*a(d) + 11*q(d). What is the units digit of k(-8)?
2
Suppose -5*k - 24 - 3 = -4*u, 0 = -3*k - 9. Let l be (-1)/(u/12*-2). Suppose l*y - 1 - 13 = 0. What is the units digit of y?
7
Let f(m) = -4*m + 0*m + m. Let h be 1/4*8 - 5. What is the units digit of f(h)?
9
Suppose -6578 = -9*v + 13636. What is the tens digit of v?
4
Suppose -5*g = 2*n - 6*n - 275, 5*g - 280 = 5*n. Let a = g - 34. What is the tens digit of a?
1
Let k(v) = -5*v**2 - v - 1. Let q be k(-2). Let o = -31 - q. What is the units digit of 11 + o/4 + 1?
9
What is the hundreds digit of 77/(-7)*1 - -1533?
5
What is the units digit of 6 - 7714/(-10) - 4/10?
7
Let s = -51 - -45. Let d(f) = 4*f**2 + 8*f - 14. What is the tens digit of d(s)?
8
Let p = 18 + 50. Suppose -3*b - b + p = 0. Suppose -5*d + 45 = 5*r, -4*r - b = -3*d - 2*r. What is the units digit of d?
7
Suppose 0 = 4*c - 6 - 26. Suppose 1176 + 160 = c*a. What is the units digit of a?
7
Let u(s) = 4*s - 2. Let t(i) = -2*i - i**2 - 1 + 0 + 5*i. Let b be t(2). What is the units digit of u(b)?
2
Let h = -1240 + 799. Let d = 628 + h. What is the hundreds digit of d?
1
Let a = -124 - -473. What is the hundreds digit of a?
3
Let i(k) = k**2 + 13*k - 5. What is the units digit of i(-18)?
5
Let c(a) be the third derivative of 7*a**4/24 + 35*a**3/6 - 6*a**2. Let o(k) = -11*k - 53. Let g(f) = 8*c(f) + 5*o(f). What is the units digit of g(-11)?
4
Let z = 440 + 13. What is the units digit of z?
3
Suppose -3*w = -4*w + 7. What is the tens digit of (7 - w) + (20 - -1)?
2
Let t(j) be the third derivative of j**2 - 1/12*j**4 + 0*j + 0*j**3 + 0. What is the units digit of t(-5)?
0
Let b(p) = -p**3 + 11*p**2 + 16*p - 10. Let c = -11 + 23. What is the units digit of b(c)?
8
Suppose 18*w = 26*w - 40. Suppose -3*d - 5*n = 2*d - 35, -3*n = 4*d - 24. Suppose 4*l + 61 = w*k - 28, 2*l - 49 = -d*k. What is the tens digit of k?
1
Suppose -4*m + 56 = -48. Suppose -4*j - m = -6*j. What is the tens digit of j?
1
Suppose f + 14 = -x + 560, -3*x + 4*f + 1624 = 0. What is the units digit of x?
4
Suppose 2*g - 5*i = -49, 3*g = g - i - 79. Let w = 47 + g. What is the units digit of w?
0
Let l be 4/2 + 54/3. Let q be 2/l*-4*-5. Suppose -4*c - 3*z + 95 = 0, z + q + 13 = c. What is the units digit of c?
0
Let c = 52 - 50. Suppose c*b - 37 = 49. What is the units digit of b?
3
Let r be (-1)/((-3)/24*2). Suppose 674 = r*k - m, -2*m = -3*k - 0*k + 508. What is the units digit of k?
8
Let i = 162 + -112. Suppose 0 = -3*v + 4*t + 218, 0 = -2*v + 4*t + i + 90. Suppose -v = -4*f + f - 4*r, 0 = -3*f + r + 63. What is the units digit of f?
2
Let o(i) = i**2 + 5*i - 5. Let r(d) = -d + 3. Let z be r(9). Let x be o(z). Suppose -2*n + 9 = x. What is the units digit of n?
4
Suppose -3*j - j + 54 = -b, 2*b + 120 = -4*j. Let o = -33 - b. What is the units digit of o?
5
Suppose 2*u - d - 670 = 0, 4*u - 5*d + 22 - 1368 = 0. What is the tens digit of u?
3
Let x(p) = 0*p**2 - 6*p**2 + 1 + 3*p + p**3 - 2*p**2 - 6. Let i(u) = u**2 + 3*u + 4. Let m be i(-4). What is the units digit of x(m)?
9
Let p = -2201 - -3608. What is the thousands digit of p?
1
Suppose 4 = -v, -v + 0 = -4*k + 28. Suppose -2*b - k = 4*p, b + p = 3*b - 4. What is the units digit of 5 + 1 + (b - -2)?
9
Suppose -r = -2*s - 2*s - 455, -2*s = -4. What is the units digit of r?
3
Let d(b) = 6*b**2 + 43*b - 144. What is the tens digit of d(-27)?
6
Let o = -25 - -29. Suppose -2*m = o, 2*m - 8 - 60 = -2*k. Suppose k = 3*s - 45. What is the tens digit of s?
2
Let z = 18 - 20. What is the tens digit of (2 - z*6) + (-7 - -5)?
1
Suppose -y + 31 = 5*a + 3, -8 = 4*y. Suppose t - a = -2*t. Suppose -t*l = 3*l - 45. What is the units digit of l?
9
Let c = -37 + 51. Let y = c + -21. Let x(q) = 2*q**2 + 7*q + 4. What is the tens digit of x(y)?
5
Suppose b + 662 = -q, -8*q + 3*q + 1296 = -2*b. What is the tens digit of 3/((-418)/b - 8/14)?
4
Suppose -2*m = x - 369, 0 = m + 268*x - 271*x - 195. What is the tens digit of m?
8
What is the tens digit of (-2)/(-7) + (-13)/(273/(-18264))?
7
What is the tens digit of 1602/27*9 - -1?
3
Let z be 2/(-6) + 100/12. Let p(s) = s + 2. Let q be p(z). What is the tens digit of 394/q + 6/10?
4
Let v(j) be the third derivative of -j**4/12 + 7*j**3/3 - 6*j**2. Let n be v(-12). Suppose 2*a + 6*w - 26 